f s?
23567
Suppose o - 5*g + 59 = -40, -385 = 5*o - 3*g. Let p = -72 - o. Suppose -p*u = -5*j + 421, 36 = -3*j - 5*u + 270. List the prime factors of j.
83
Let p = -19138 - -74460. List the prime factors of p.
2, 139, 199
Let q be 160/28 + 2/7. Let r(l) = 34*l + 1. Let g be r(q). Let y = -98 + g. List the prime factors of y.
107
Let z(m) = -3*m**3 + 7*m + 3. Let t be z(7). Let p = -508 - t. What are the prime factors of p?
7, 67
Let j = 18 - 4. Let m = -12 + j. Suppose m*n = -44 + 90. List the prime factors of n.
23
Suppose -2*g + 7606 + 3469 = -97. List the prime factors of g.
2, 3, 7, 19
Suppose 0 = -2*f + 2*m + 84878, -872*f + 3*m - 42411 = -873*f. What are the prime factors of f?
2, 3, 13, 17
Suppose -z - 12 = -3*b, 2*z = 8*b - 4*b - 16. List the prime factors of b/3 - ((-2716)/6 - 7).
461
Let w(p) = 2*p - 86 + 72 - p. Let f be w(17). Suppose 3*v - f*c - 93 = 75, -3*c = -2*v + 108. What are the prime factors of v?
2, 3, 5
Let r = -3703 + 11274. List the prime factors of r.
67, 113
Suppose -11*q = -7*q + 3*g - 39415, -9852 = -q + g. What are the prime factors of q?
59, 167
Let c(v) = -v**3 + 32*v**2 + 7*v - 248. What are the prime factors of c(26)?
2, 3, 5, 7, 19
Let m(g) = 58*g**3 + 5*g**2 - 2*g - 3. Let w be m(3). Suppose -3*f = -5*h - 2390, -2*f = -0*f + h - w. What are the prime factors of f?
2, 5
Let s(t) = -35*t**2 + 5*t - 1. Let v be s(2). Let d = v - -340. What are the prime factors of d?
11, 19
Suppose -c = a + 1, 2*a - 4 + 2 = -c. Suppose -a*t + 1812 = 315. List the prime factors of t.
499
Let n(t) = -6693*t - 1990. List the prime factors of n(-3).
18089
Suppose -48737 = -4*a - s, -3*a - s + 33133 = -3420. What are the prime factors of a?
2, 1523
Let w = 201 + -46. Let z = w - 12. Let l = z + -92. What are the prime factors of l?
3, 17
Let r(s) = 117*s**2 + 2*s. Let a = 511 - 514. What are the prime factors of r(a)?
3, 349
Let u(l) = 2*l - 28. Let y be u(15). Suppose 0 = 2*a, 0 = -y*o + 5*a - 3*a + 16. Let t(w) = 3*w**2 - 17*w - 6. List the prime factors of t(o).
2, 5
Suppose 5*f + v - 60 = 41, -4*v = f - 5. Let r(l) = l**2 - 18*l - 44. Let b be r(f). Suppose -h + 57 = b. What are the prime factors of h?
2, 19
Let x be ((-18)/(-48) + 28/(-32))*0. Suppose -192*k + 187*k + 3720 = x. What are the prime factors of k?
2, 3, 31
Let t(q) = -q**3 + 11*q**2 + 2*q + 2. Let c be t(11). Suppose 0 = -2*o + 28 - c. Suppose 0 = o*h - g - 49, -2*g - g = 4*h - 93. What are the prime factors of h?
2, 3
List the prime factors of 11966/(9*(-22)/(-99)).
31, 193
Let u(f) = 60*f**2 + 9. Let l(b) = 34*b**2 + 4. Let m(w) = -5*l(w) + 3*u(w). Let o(a) = -a - 3. Let h be o(0). List the prime factors of m(h).
97
Suppose 2*x + 4*b - 512 = 0, x = b + 368 - 109. Let y be (-39848)/476 + ((-4)/7)/2. Let r = x + y. List the prime factors of r.
2, 3, 29
Suppose -25*p + 28*p - 102925 = -9*s + 4*s, -3*p = 0. List the prime factors of s.
5, 23, 179
Suppose 0 = 4*h + 6567 - 7827. What are the prime factors of h?
3, 5, 7
Let i(s) = 12*s**2 - 19*s - 49. Let u = -27 - -22. Let l(n) = 8*n**2 - 13*n - 33. Let p(g) = u*i(g) + 8*l(g). What are the prime factors of p(6)?
71
Let n = 34033 - 19426. What are the prime factors of n?
3, 541
List the prime factors of (6*-1 + (-29 - -42))*(-501814)/(-161).
2, 10909
Let v = 2220 - -3853. List the prime factors of v.
6073
Suppose 49*k - 27*k = 13068. What are the prime factors of k - -8*(-12)/16?
2, 3, 7
Let k = 86310 + -45523. List the prime factors of k.
40787
Suppose 56 = -21*g + 13*g. Let d(r) = 9*r**2 - 12*r - 7. List the prime factors of d(g).
2, 7, 37
Suppose 5*y - 2*y = 0. Let r be 16/(-56)*(y - 7). Suppose r*o = 4*h + 37 - 13, 9 = o + h. List the prime factors of o.
2, 5
Let i(w) be the third derivative of 0 - 10/3*w**3 - 1/3*w**4 + 0*w + 5*w**2. List the prime factors of i(-13).
2, 3, 7
Suppose 0 = -2*b - 3*k + 9, 0 = 3*b + 3*k - 5 - 10. Suppose -2*a = -b*a + 92. List the prime factors of a - (0/(-4) - 3).
2, 13
Let x = 14 + -12. Suppose x*m + 2*m = -64. List the prime factors of 147/28*m/(-3).
2, 7
Suppose -2*s + 10 = s - 5*t, -2*s = 4*t + 8. Suppose s = -3*g + 2 + 13. Suppose g*h = -0*h + j + 65, -h = j - 19. What are the prime factors of h?
2, 7
What are the prime factors of (-154)/11 - -13 - 62770/(-1 - 4)?
12553
Suppose 27*p + 54397 = 1487719. What are the prime factors of p?
2, 11, 19, 127
Suppose -4 = -2*z, -5*z = 2*f - 3*z - 36. Let i(m) = 2*m**2 - 13*m. List the prime factors of i(f).
2, 19
Let i(d) = 74*d + 111. Suppose -2*g - 3*h + 22 = 0, h - 3 = -g + 8. List the prime factors of i(g).
5, 37
Let u(j) = 225*j + 34. Let y be (10/4)/(30/36). What are the prime factors of u(y)?
709
Let c(q) = -8*q - 31. Let l be -1 + 160/50 + 1/(-5). Suppose -d = -l*d - 6. List the prime factors of c(d).
17
Let a = 52 - -69. Let g(m) = 4*m - 33. Let d be g(15). Let j = a - d. What are the prime factors of j?
2, 47
Let m be 4/(-14) + 9480/(-42). Let b(c) = -c**2 - 63*c - 6. Let o be b(-65). Let v = o - m. What are the prime factors of v?
2, 3, 5
Suppose -7*i = -3*r - 6*i + 10, 2*r + 4 = -2*i. Suppose r*u = z + 618, -7*u + 1542 = -2*u - z. List the prime factors of u.
2, 7, 11
Suppose -4*c - 100 = -p, -4*c + 108 = -p + 2*p. Let q = p + -99. Suppose 491 = 4*m + q*n, -n = -m + n + 113. List the prime factors of m.
7, 17
Let g be 4/3*(-78)/(-52). List the prime factors of (1*g)/(50/16975).
7, 97
Let c be (2/5)/(2/20). Let d(t) = t**2 - 40 + 19 + 4*t**2 + 18. What are the prime factors of d(c)?
7, 11
Let b(y) = -y**3 - 12*y**2 - 6*y + 2. Let s be b(-5). Let c = s + 88. Let i = c - -82. What are the prime factors of i?
3
Suppose 5*j - 13 + 8 = 0, -3*j - 1195 = -b. What are the prime factors of b?
2, 599
List the prime factors of (-55)/990 - 157737/(-54).
23, 127
Suppose -71*q - 508818 = -208*q. What are the prime factors of q?
2, 3, 619
Suppose -8*o - 18 = -2. Let h = o + 243. What are the prime factors of h?
241
Suppose 10*w - 122 = 778. Let y = 242 - w. List the prime factors of y.
2, 19
Let s(p) = 78*p**2 + 79*p + 740. What are the prime factors of s(-10)?
2, 5, 31
Suppose -3*q + 22*x = 20*x - 100106, -4*x = -4*q + 133480. List the prime factors of q.
2, 3, 67, 83
Let s = 14394 + 6252. List the prime factors of s.
2, 3, 31, 37
Let t(k) = -4*k + 1. Let c(o) = 67*o. Let m(d) = -c(d) + 3*t(d). Suppose -5*a + 6 = 21. List the prime factors of m(a).
2, 3, 5
Let y be 458/((-24)/15 - -2). Suppose 215 = x - y. What are the prime factors of x?
2, 5, 17
Let h = -387 + 2661. List the prime factors of h.
2, 3, 379
Suppose -51*h - 141*h + 1325079 = 33303. What are the prime factors of h?
2, 29
Let z be 4*(-2)/(-6)*30/4. Suppose z = 3*v - 2. Suppose 0*o = 3*a + v*o - 181, 0 = 2*a - o - 128. List the prime factors of a.
3, 7
Let c(w) = -14*w**3 + w**2 + w + 10. Let l be c(-3). Suppose -3*y = 15, 2*u - l - 46 = 2*y. What are the prime factors of u?
5, 43
Let b be (4 + -3)*4*(182 - 3). Suppose n + b = 2*m, -3*m = -4*m + 2*n + 358. What are the prime factors of m?
2, 179
Let p(r) = -4*r**2 - 27*r + 19. Let z be p(-7). Suppose z*g - 4*j = 14*g - 876, 0 = -5*g + 4*j + 2148. List the prime factors of g.
2, 3
Let x = 23441 - 14013. What are the prime factors of x?
2, 2357
Suppose 5*z - 4 = -4*p, p + 16 = 7*z - 4*z. Suppose -4*u + 1397 = -0*u - 5*k, -5*u + 1695 = z*k. List the prime factors of u.
7
Suppose -2*t - 4 = -3*t. Suppose 0 = t*m + 340 - 1548. List the prime factors of m.
2, 151
Suppose 2*l - 8283 - 16857 = -18*l. List the prime factors of l.
3, 419
Let n = 29 + 38. Let s = 235 - n. Suppose 162 + s = 6*r. List the prime factors of r.
5, 11
Suppose -9*g - 92 + 2 = 0. Let f be (-2074)/g + -4 + (-18)/(-5). Suppose 3*y - f = 165. What are the prime factors of y?
2, 31
Let t be (75/4)/(9/1272). Let y = -1882 + t. What are the prime factors of y?
2, 3
Suppose -7*v + 99 = -167. Suppose -v*z + 15*z = -16675. List the prime factors of z.
5, 29
Suppose 0 = -25*r - 19*r + 546436. Suppose r = 17*s - 6230. What are the prime factors of s?
1097
Let v(g) = 12*g**2 + 39*g - 17. What are the prime factors of v(-19)?
2, 1787
List the prime factors of (-7)/((0 - 7)/7) + 1937.
2, 3
Let n = -752 + 752. Suppose n = o - v - 1593, -3*v + 4*v - 7935 = -5*o. List the prime factors of o.
2, 397
Let w be 12/((-11)/110*(-10)/(-12)). List the prime factors of 4*8/w + (-1550)/(-